/(-3)). What is the highest common divisor of c and y?
8
Suppose -5*y - 5*h + 140 = -y, 0 = h. What is the greatest common divisor of 7 and y?
7
Let h(t) = -5*t**3 - t + 3. Let w be h(-2). Let a(i) = 2*i**2 + 1. Let s be a(-2). Let u = 0 + s. Calculate the greatest common divisor of u and w.
9
Let f be 0*(-1)/2 - 280/(-4). What is the highest common divisor of f and 14?
14
Let g = 83 - 59. What is the greatest common factor of g and 96?
24
Let d(a) = -a**3 - 13*a**2 + a + 18. Let k be d(-13). Calculate the greatest common factor of 2 and k.
1
Let y be 1/(2/6) + 22. Let n be 21/2 + (-1)/2. Calculate the highest common divisor of n and y.
5
Suppose z - 5*z + 8 = 0. Calculate the greatest common factor of 5 and z.
1
Let a(v) = 3*v + 6. Let c be a(8). What is the greatest common divisor of 20 and c?
10
Let j = 4 + 44. Calculate the greatest common divisor of j and 12.
12
Let g be (-7)/((-1)/14 - 0). Let r be -1*-2*(-20)/(-8). Suppose -67 = -5*h + 3*m, r*m = -3*h - 18 + 65. What is the highest common divisor of h and g?
14
Let l = 26 + -24. What is the highest common divisor of 1 and l?
1
Suppose 0 = -z + 5*a - 7 - 4, -4*a = 5*z - 32. Suppose z*j = -k + 6*k - 9, 4*k - 12 = 4*j. Let f = 16 + j. Calculate the greatest common divisor of f and 20.
10
Let s be 198 - ((-1)/3 - (-20)/6). What is the highest common divisor of s and 78?
39
Let h be (3/(-2))/((-3)/16). Suppose 3*d = h*d - 10. Calculate the highest common divisor of 3 and d.
1
Let m = 22 - 29. Let h(r) = -2 - 2*r + r**3 + 2 + 5 + 7*r**2. Let j be h(m). What is the greatest common factor of 19 and j?
19
Let b = -231 + 132. Let p be b/6*-2 - 0. Suppose 0 = -5*v - 5*l + 5, 5*l + 0*l + 10 = 0. Calculate the greatest common factor of v and p.
3
Let a(g) = -11*g**2. Let y be a(1). Let w be y - (6/3 + -1). Let h be 5/(15/w)*-17. Calculate the greatest common factor of 17 and h.
17
Suppose -3*r + 2*m = m - 69, -3*m + 92 = 4*r. Let c = r + -12. Suppose 3*b = 2*b + 121. What is the highest common factor of b and c?
11
Let g = 4 - 1. Calculate the highest common factor of g and 27.
3
Suppose -8*z + 22 = 3*z. What is the highest common divisor of 18 and z?
2
Let i = -59 - -125. Calculate the greatest common factor of i and 6.
6
Suppose 2*f - 3*b + 7*b = 88, 0 = 3*b + 6. Let j = 86 + -74. Calculate the greatest common divisor of j and f.
12
Let l be (3/(-12))/(6/(-72)). Let c be 5/15 - 190/(-6). Suppose 5*s - l*s - c = 0. What is the greatest common factor of 8 and s?
8
Let i = 0 - -3. Suppose -4*p + 10 = -i*p. Let l be 432/20 + 4/p. What is the greatest common factor of l and 55?
11
Let y(j) = -j**3 - 17*j**2 + 13. Let u be y(-17). Calculate the highest common divisor of 26 and u.
13
Let n be 2/4 + 1100/8. Calculate the highest common divisor of 23 and n.
23
Let o = -9 + 10. Let y(i) = -i**3 + 4*i**2 - 4*i + 4. Let n be y(3). Calculate the highest common factor of n and o.
1
Let b be (-8)/(-36) - (-86)/18. Suppose -2*f = 3*t + 2*f + b, -2*f = 4. Calculate the highest common factor of 4 and t.
1
Suppose 0 = -5*h - 3*t + 1944, -3*h = -5*t + 3*t - 1155. Calculate the greatest common factor of 43 and h.
43
Let b be 2 + (2 + -1)*-1. Let f = 3 - b. Suppose f*m - 4 = 8. What is the highest common factor of m and 12?
6
Let i(y) be the second derivative of y**5/20 + y**4/12 - y**3/6 + 5*y**2 + 4*y. Let u be i(0). What is the greatest common divisor of 5 and u?
5
Suppose i + 2*l - 1 - 8 = 0, 0 = 3*i + 5*l - 31. Let c be i/(0 - (-4)/12). What is the greatest common divisor of 34 and c?
17
Let f(i) = 197*i**3 - 2*i**2 + i. Let o be f(1). Calculate the highest common factor of o and 28.
28
Let l = -1 + 7. Let n(j) = j**2 - 5*j - 7. Let k be n(l). Let a be k + 2 + 1 + 0. Calculate the highest common factor of a and 10.
2
Suppose -4*n - 4 = 4*j, -4*n + 5 + 27 = -2*j. Let d be (-4)/j + (-1212)/(-18). Calculate the greatest common factor of 170 and d.
34
Let s(r) = 2*r - 13 - 4*r + 3*r + r. Let u be s(9). Suppose u*w = -68 + 508. What is the highest common factor of w and 8?
8
Suppose -2*s - 4*n = -0*n - 24, -5*n = s - 24. Calculate the greatest common divisor of s and 12.
4
Suppose -3*d + 4 + 8 = 0. Let g = -97 - -99. What is the highest common factor of g and d?
2
Let a be (-8)/(6/(-12) - (-1)/6). What is the greatest common divisor of 96 and a?
24
Let x = -12 + 25. Suppose -28 = a - 2. Let b be -1 - -3 - (a - -2). Calculate the highest common divisor of x and b.
13
Let i be ((-22)/(-4))/(2/44). Let f = i - 66. Calculate the greatest common divisor of f and 11.
11
Let k(i) = 5*i**3 + 2*i**2 - i. Let h be k(1). Let a be 5 + 35 - (-3 - -1). Calculate the greatest common factor of a and h.
6
Let h = -7 - -10. Let q(b) = b**3 - 4*b**2 + 6*b - 3. Let s be q(4). What is the greatest common factor of h and s?
3
Let g(p) be the first derivative of -2 + 6*p + 0*p**2 + 1/3*p**3. Let k be g(-8). What is the highest common divisor of 10 and k?
10
Let x be 0*2/(0 - -2). Suppose x = 3*c - 5 - 4. Let w be (18/c)/(-3) + 12. What is the highest common divisor of w and 5?
5
Let p = -99 + 183. Suppose h - 12 + 0 = 0. Calculate the greatest common divisor of p and h.
12
Suppose j - 7 = 9. Calculate the highest common factor of 8 and j.
8
Let k(g) = -2*g + 2. Let p = 4 - 8. Let o be k(p). What is the greatest common divisor of 30 and o?
10
Let f(r) = 6 - 2*r + r + 2*r + 7*r**2. Let v(g) = g**3 + 2*g**2 + g + 7. Let b be v(-3). Let q be f(b). What is the highest common divisor of 16 and q?
16
Let t be ((-6)/(-9))/((-1)/(-18)). Let l(p) = -4*p - 2. Let o be l(-5). Calculate the greatest common factor of o and t.
6
Let g = -22 - -61. Let r be (g/(-6))/(1/(-16)). Suppose -s = -5*j + 242, 2*j + 4*s = 8*s + r. What is the highest common factor of j and 16?
16
Let j(s) = s**3 + s**2 - s + 4. Let f be j(0). Suppose -3*t - 5*v + 1 = 0, -v = -f*t + 16 - 7. What is the greatest common divisor of 2 and t?
2
Suppose 3 + 9 = 4*a. What is the highest common divisor of a and 2?
1
Let a be 57 - (0 + 1 - -1). What is the highest common factor of a and 11?
11
Let u be 1 + -1 + 0/(-1). Let i = 4 - u. Let z = -5 - -7. Calculate the highest common factor of z and i.
2
Let x be ((-26)/6 + 4)/((-1)/15). Let y(u) = 12*u - 5. Let n be y(5). Calculate the highest common factor of x and n.
5
Let j = 26 - 12. Let r(l) be the first derivative of -l**3/3 + 15*l**2/2 + 7*l + 4. Let z be r(15). Calculate the greatest common factor of z and j.
7
Suppose -3*f - 9 + 63 = 0. Let m = 5 + 1. Suppose 3*w = -m*u + 3*u + 123, 0 = 3*w + 4*u - 119. What is the greatest common divisor of f and w?
9
Let a(o) = o**3 - o**2 - 2*o + 1. Let k be (-9 - (-1 + 1)) + 1. Let f be 1/3 + k/(-3). Let l be a(f). Calculate the greatest common divisor of l and 13.
13
Suppose -5*v - b = -57, -5*v + 59 = 2*b - 0*b. Calculate the greatest common factor of 55 and v.
11
Suppose 0 = -3*k + 2*s - 2 + 6, -s = 5*k + 2. Let g be (k - -1 - 1)/(-3). Let d(b) = b + 4. Let n be d(g). What is the greatest common factor of 4 and n?
4
Let y be (1 - -7) + (3 - 2). Let x be 141/15 + y/15. What is the highest common divisor of x and 15?
5
Suppose -r + 1 + 2 = 0, 4*v - 135 = -5*r. What is the greatest common divisor of v and 45?
15
Let n(z) = -z + 14. Let f be n(6). Suppose -3*k + 7 = j, 7*j - 2*j + k = 21. What is the greatest common divisor of f and j?
4
Suppose i + 2*i = 5*b - 57, 0 = 4*b - 4*i - 44. Let w be (-10)/(-4)*(16 + b). Suppose 0*z - 3*z + 84 = 0. What is the highest common divisor of w and z?
14
Let k = -27 + 51. Let u(i) = -4*i**2 + 25*i - 1. Let f be u(5). Calculate the highest common divisor of f and k.
24
Let w be (-5 - -3) + 0 - -156. What is the greatest common factor of 14 and w?
14
Suppose -15 = -p + 9. Let b be (-8)/p + (-34)/(-3). What is the highest common divisor of b and 11?
11
Let x(r) = 13*r**2 - 2*r. Let w be x(2). Calculate the greatest common factor of w and 72.
24
Let d(q) = -2*q**2 + 6. Let n be d(0). Let v(o) = -o**2 + 4*o - 1. Let c be v(3). Suppose 2*a - 10 = c. Calculate the greatest common factor of a and n.
6
Let f(o) = o**3 + 8*o**2 + 4*o - 10. Let a be f(-7). Suppose 66 = -v + 4*v. What is the highest common divisor of v and a?
11
Let s(p) be the second derivative of 0 - 5/6*p**3 - 4*p**2 + 4*p + 1/12*p**4. Let z be s(8). Calculate the highest common factor of 16 and z.
16
